{"id":2,"date":"2025-04-12T09:12:21","date_gmt":"2025-04-12T09:12:21","guid":{"rendered":"https:\/\/ia-ai.se\/dev\/?page_id=2"},"modified":"2025-10-14T07:32:07","modified_gmt":"2025-10-14T07:32:07","slug":"sample-page","status":"publish","type":"page","link":"https:\/\/ia-ai.se\/dev\/","title":{"rendered":"Konsultation inom IT, systemutveckling och AI"},"content":{"rendered":"\n<div class=\"wp-block-cover alignfull wp-duotone-rgb4448102-ffb23d-1\" style=\"margin-top:0;padding-top:4vw;padding-right:4vw;padding-bottom:4vw;padding-left:4vw;min-height:50vh;aspect-ratio:unset;\"><img decoding=\"async\" class=\"wp-block-cover__image-background wp-image-334\" alt=\"\" src=\"https:\/\/pd.w.org\/2022\/01\/2661f82cd1ba9172.16386413.jpg\" data-object-fit=\"cover\"\/><span aria-hidden=\"true\" class=\"wp-block-cover__background has-background-dim-90 has-background-dim\" style=\"background-color:#2c3066\"><\/span><div class=\"wp-block-cover__inner-container is-layout-flow wp-block-cover-is-layout-flow\">\n<div class=\"wp-block-group is-layout-flow wp-container-core-group-is-layout-d6743c7d wp-block-group-is-layout-flow\">\n<p class=\"has-text-align-center has-text-color\" style=\"color:#ffb23d;font-size:clamp(38.253px, 2.391rem + ((1vw - 3.2px) * 3.411), 71px);font-style:normal;font-weight:700;letter-spacing:-2px;line-height:1.2;text-transform:uppercase\">Snabba upp din wordpress<br>SEO &#8211; S\u00c4KERHET &#8211; DESIGN<\/p>\n\n\n\n<div style=\"height:48px\" aria-hidden=\"true\" class=\"wp-block-spacer\"><\/div>\n\n\n\n<div class=\"wp-block-buttons is-content-justification-center is-layout-flex wp-container-core-buttons-is-layout-a89b3969 wp-block-buttons-is-layout-flex\">\n<div class=\"wp-block-button has-custom-width wp-block-button__width-50\"><a class=\"wp-block-button__link has-text-color has-background has-custom-font-size wp-element-button\" href=\"#kontakt\" style=\"color:#2c3066;background-color:#ffb23d;padding-top:12px;padding-right:20px;padding-bottom:12px;padding-left:20px;font-size:clamp(14px, 0.875rem + ((1vw - 3.2px) * 0.521), 19px);font-style:normal;font-weight:700;letter-spacing:1px;text-transform:uppercase\">kontakta oss nu<\/a><\/div>\n<\/div>\n<\/div>\n<\/div><\/div>\n\n\n\n<div class=\"wp-block-group alignwide has-border-color has-global-padding is-layout-constrained wp-container-core-group-is-layout-e1f52d1b wp-block-group-is-layout-constrained\" style=\"border-color:#ffffff85;border-width:3px;border-top-left-radius:1rem;border-top-right-radius:20rem;border-bottom-left-radius:2rem;border-bottom-right-radius:2rem;padding-top:0;padding-right:var(--wp--preset--spacing--30);padding-bottom:0;padding-left:var(--wp--preset--spacing--30)\">\n<div style=\"height:12px\" aria-hidden=\"true\" class=\"wp-block-spacer\"><\/div>\n\n\n\n<h1 class=\"wp-block-heading has-text-align-center has-text-color has-link-color wp-elements-dc96653c64de01730735eca5258610a9\" style=\"color:#fefefe\">Smarta l\u00f6sningar som levererar resultat<\/h1>\n\n\n\n<p><\/p>\n\n\n\n<p class=\"has-text-align-center\" style=\"margin-top:1rem\">Vi skapar skr\u00e4ddarsydda webbl\u00f6sningar, system och automation som g\u00f6r ditt f\u00f6retag mer effektivt och konkurrenskraftigt. Snabbt, p\u00e5litligt och med n\u00f6jd kund-garanti.<\/p>\n\n\n\n<p class=\"has-text-align-center\" style=\"margin-top:1rem\"><strong>Kontakta oss direkt<\/strong> och l\u00e5t oss ta ditt projekt vidare idag!<\/p>\n\n\n\n<p class=\"has-text-align-center\" style=\"margin-top:1rem\"><\/p>\n\n\n\n<figure class=\"wp-block-image aligncenter size-large is-resized wp-duotone-primary-foreground\"><a href=\"#boka\"><img decoding=\"async\" src=\"data:image\/svg+xml;base64,PHN2ZyB4bWxucz0iaHR0cDovL3d3dy53My5vcmcvMjAwMC9zdmciIHdpZHRoPSI1NTAiIGhlaWdodD0iMTg0IiBmaWxsPSJub25lIiB2aWV3Qm94PSIwIDAgNTUwIDE4NCI+PHBhdGggZmlsbD0iIzFFMUUxRSIgZD0iTTU0OC40OSAxMzMuNTY2YzEuODU1IDUuNTA0IDEuOTE5IDcuOTItMS42NTcgMTAuMDE4LTE3LjY5IDEwLjM3NS0zNS43MTcgMjAuMjk2LTUyLjYzIDMxLjgzNS0xMC41MDggNy4xNjktMTguMTU1IDYuMjMzLTI4LjMyNC0uNjU5LTE2LjkyNi0xMS40NzItMzUuMDgxLTIxLjEzMy01My44NzMtMzIuMjQtMjIuMjgyIDEzLjIxLTQ1LjEzMyAyNi43Ni02OC4zODkgNDAuNTQ3LTEyLjM4OC03LjIxMy0yNC4yMzgtMTMuOTc2LTM1Ljk0OC0yMC45NzYtOS4zODUtNS42MDgtMTguNjUzLTExLjQxOS0yNy44NTUtMTcuMzIzLTMuMzE1LTIuMTI3LTYuMTIzLTIuMTI5LTkuNDc3LS4wNGE0NDk1LjMzMyA0NDk1LjMzMyAwIDAgMS00OC45MDQgMzAuMDM0Yy00LjM5NSAyLjY1OC05LjA5NSA0LjgwOS0xNC4yNTUgNy41MDgtMjQuMjY3LTEwLjQ1Mi00NS4wODQtMjcuNjg0LTY5LjQyNy0zOS42MjItMTEuNjkzIDYuOTc5LTIzLjM3NyAxMy45NjEtMzUuMDcyIDIwLjkyOC05LjM5NiA1LjU5Ny0xOC44NjIgMTEuMDg1LTI4LjE4MyAxNi44MDYtMy43MyAyLjI4OC03LjA2NiAxLjg4MS0xMC41Ni0uMjU0LTE4Ljk1Ni0xMS41ODUtMzcuOTQ0LTIzLjEyMy01Ni44NzUtMzQuNzUyLTIuNTQ0LTEuNTYyLTQuODI0LTMuNTU4LTcuMDYxLTUuMjI4IDEuNTM1LTUuMjc1IDMuOTM4LTYuMDE1IDcuODQ1LTMuNjIyIDExLjY0OSA3LjE0MiAyMy4zODggMTQuMTM5IDM1LjA3NyAyMS4yMTkgOS4wMzggNS40NzUgMTguMDUyIDEwLjk5MiAyNy4xNzYgMTYuNTUxIDE3Ljk1My0xMS4xMTggMzQuOTczLTIyLjU5NSA1Mi44NzctMzIuNDY4IDE2LjQ5OS05LjA5OSAxMy4yNjEtMTAuNjEzIDMwLjMxNC4wMiAxNy4zOTkgMTAuODUgMzUuMTEgMjEuMjA4IDUzLjU2MiAzMi4zMDkgMjIuMzkyLTEzLjU4MSA0NS4xMDYtMjcuMzU1IDY4LjIwNi00MS4zNjdsNjguNTQzIDQxLjMwMyA2OC42NDItNDEuMzAzIDY3LjYwMiA0MS4wOTJjMjMuMTI0LTExLjgwOSA0NC40MzQtMjcuODczIDY4LjY0Ni00MC4zMTZabS02OC4xMTUtMTcuMTE2Yy01LjQ3My0zLjA5Mi0xMS40NTctNi4yODgtMTcuMjU1LTkuNzg5LTE0LjkxNS05LjAwOS0yOS43MzQtMTguMTczLTQ0LjYxNi0yNy4yMzYtNC4zNzUtMi42NjUtOC4xMzMtMy4wOTItMTMuMTY4LjEyNi0xNy41NiAxMS4yMjMtMzUuNjA4IDIxLjY4MS01My41MTQgMzIuMzYtMi42MzIgMS41NjgtNS40OTIgMi43NTMtOC42NDIgNC4zMTItMTAuMjcxLTUuOTA2LTIwLjY4Ny0xMS43NDgtMzAuOTU3LTE3LjgzOC0xMC44NzItNi40NDktMjEuNjc5LTEzLjAxNi0zMi4zNjMtMTkuNzcyLTMuODA4LTIuNDA4LTYuNjMzLTEuNzE2LTEwLjMwNi41MjEtMTkuNTU4IDExLjkwMS0zOS4zMSAyMy40ODgtNTkuMDA0IDM1LjE2MS0xLjE1OS42ODYtMi40MzIgMS4xNzctNC4xMzYgMS45OS0xMS43Mi02Ljc4NC0yMy41NjktMTMuNTYyLTM1LjMzNS0yMC40ODItOC44MjktNS4xOTUtMTcuNjU1LTEwLjQxMi0yNi4yODQtMTUuOTI5LTQuOTI2LTMuMTUtOS4xNi0zLjEtMTQuMTcyLjAzNy0xOC4yNDEgMTEuNDI0LTM2LjY3IDIyLjU0Ny01NS4wNzggMzMuNzAxLTEuOTk1IDEuMjEtNC4zMTggMS44OC02LjU2OSAyLjgzNkM0Ny45NCAxMDMuODYgMjcuMTMgOTEuNDQxIDYuMzc0IDc4LjkyOGMtMi4wMTQtMS4yMTUtNC4xMTItMi43NDUtNS4zMy00LjY2Mi0uODE3LTEuMjg4LS4xNTYtMy41MTctLjE1Ni03LjAxNSAyNS4yNjggMTEuNzExIDQ1Ljc4NiAyOC41MzQgNjkuNDUxIDQwLjQ5Mmw2OC4xNzQtNDEuNDI0IDY4LjUzNSA0MS42ODUgNjguMTM4LTQxLjgxMSA2OC40MDEgNDEuODA5IDY4LjQ1Mi00MS43OCA2Ny43OTUgNDEuNTM5YzIyLjkxLTEyIDQ0LjYwNS0yNy4zNjYgNjguMDQ2LTQwLjM1IDEuODgxIDYuODg4IDEuNDQyIDguMTc0LTMuMjE5IDExLjEzOC01LjQ3NyAzLjQ4My0xMC45MyA3LjAwOC0xNi41MyAxMC4yNzktMTUuNjI0IDkuMTI0LTMxLjMxNyAxOC4xMjUtNDcuNzU2IDI3LjYyMlpNMjA2LjgzOCA0MS41MTEgMjc1LjEwNy4wMDZjMjIuNzU3IDEzLjg2OSA0NS40NTggMjcuNzA0IDY4LjQ1MyA0MS43Mkw0MTEuODQyIDBsNjguNDQ5IDQxLjQxM2MxMS41ODktNi44NzMgMjIuOTA0LTEzLjgyIDM0LjQ0NS0yMC4zNiAxMS4xMjMtNi4zMDUgMjAuOTY3LTE1LjAyNSAzMy41NzctMTkuMjE1IDMuMzQxIDYuMTk5LS42NzggOC41NDctMy45MzggMTAuNjU0LTYuMDIxIDMuODkyLTEyLjM0MiA3LjMyLTE4LjUyNyAxMC45NTYtMTMuMjY2IDcuODAzLTI2LjUxNiAxNS42MzUtMzkuODAxIDIzLjQwNC0yLjA0MyAxLjE5Ni00LjIzNCAyLjEzOS02LjE3NiAzLjEwNy0yMC45My0xMi40OTktNDEuNDU4LTI0Ljc2OC02MS45OTctMzcuMDE2LTQuMTMyLTIuNDYzLTcuNjQ5LTIuNTkxLTEyLjI4Mi4yNjctMjAuMzYyIDEyLjU2Ni00MS4xMDYgMjQuNTE3LTYyLjE3NSAzNi45NjMtMjAuMTMzLTEyLjExNy00MC4zMzQtMjQuMjItNjAuNDY1LTM2LjQzMS01LjE0MS0zLjExOC05LjE5OS0zLjQzOC0xNC45NDYuMjE3LTE4Ljc0MSAxMS45MjMtMzguMTI5IDIyLjgzNC01Ny4yODMgMzQuMTA5LTEuMTY0LjY4NS0yLjQ1NiAxLjE1My0zLjk2OSAxLjg1LTEwLjMwMi01Ljg4NS0yMC43NDItMTEuNjkyLTMxLjAyMi0xNy43NjgtMTAuODg0LTYuNDM0LTIxLjcyNy0xMi45NS0zMi4zNTctMTkuNzkyLTQuMzU0LTIuODAzLTcuODk5LTEuMjg4LTExLjQ4Mi43OTEtNi4yMDYgMy42MDQtMTIuMjA0IDcuNTYyLTE4LjM3NCAxMS4yMy0xNC4xMTUgOC4zODgtMjguMjggMTYuNjg4LTQzLjEyMSAyNS40MzYtMi43NDktMS4zMjItNi4yNC0yLjY5Ni05LjQzLTQuNTgxQzQzLjAxNCAzNC42MDUgMjUuMDk5IDIzLjkxIDcuMjYgMTMuMDg3IDQuNzEgMTEuNTQgMi40NzggOS4zMzQuNDc5IDcuMDk0Yy0uNTE3LS41ODEuMTI2LTIuNjA4Ljc2LTMuNjUzLjM3Ni0uNjIzIDEuOTYtMS4xMDcgMi42NzktLjgyNiAzLjE3OCAxLjI0MyA2LjQyMSAyLjQ4OSA5LjMxMiA0LjI2NyAxNS40MzkgOS40ODkgMzAuNzY1IDE5LjE2NSA0Ni4xNjQgMjguNzE2IDMuMTk3IDEuOTgzIDYuNTQ3IDMuNzE5IDEwLjI3NiA1LjgyNCAxMC4yMjItNi4xMDkgMjAuNTA4LTEyLjE5OCAzMC43MzYtMTguMzgzIDEwLjUyOS02LjM2NyAyMS4xMDktMTIuNjU4IDMxLjQ1Mi0xOS4zMTcgNC45OTktMy4yMTggOC45MjYtMi42OTEgMTMuODg1LjQ2OCAxOS4wMjMgMTIuMTIyIDM4LjM0OSAyMy43NyA1Ny41NzYgMzUuNTcgMS4xMzguNjk5IDIuMzk3IDEuMTk4IDMuNTE5IDEuNzUxWiIvPjwvc3ZnPg==\" alt=\"\" style=\"width:288px;height:auto\"\/><\/a><\/figure>\n\n\n\n<div class=\"wp-block-buttons is-content-justification-center is-layout-flex wp-container-core-buttons-is-layout-9165764d wp-block-buttons-is-layout-flex\" style=\"margin-top:var(--wp--preset--spacing--30)\"><\/div>\n\n\n\n<div class=\"wp-block-group alignfull has-tertiary-background-color has-background has-global-padding is-layout-constrained wp-container-core-group-is-layout-bb5bf9b0 wp-block-group-is-layout-constrained\" id=\"om\" style=\"margin-top:0;margin-bottom:0;padding-top:var(--wp--preset--spacing--40);padding-right:var(--wp--preset--spacing--30);padding-bottom:var(--wp--preset--spacing--40);padding-left:var(--wp--preset--spacing--30)\">\n<div class=\"wp-block-group has-global-padding is-layout-constrained wp-block-group-is-layout-constrained\">\n<h2 class=\"wp-block-heading has-text-align-center has-large-font-size\">Varf\u00f6r v\u00e4lja v\u00e5ra l\u00f6sningar?<\/h2>\n\n\n\n<p class=\"has-text-align-center\" style=\"margin-top:16px\">Jag hj\u00e4lper f\u00f6retag att arbeta mer effektivt, konkurrenskraftigt och datadrivet \u2013 oavsett om det handlar om Design, UX, AI, systemutveckling eller automatisering. Jag kombinerar teknik, design och strategi f\u00f6r att spara tid, minska kostnader och skapa nya m\u00f6jligheter f\u00f6r tillv\u00e4xt.<\/p>\n<\/div>\n<\/div>\n\n\n\n<div class=\"wp-block-group alignfull has-background-background-color has-background has-global-padding is-layout-constrained wp-container-core-group-is-layout-33e8f939 wp-block-group-is-layout-constrained\" style=\"margin-top:0;margin-bottom:0;padding-top:0;padding-right:var(--wp--preset--spacing--30);padding-bottom:0;padding-left:var(--wp--preset--spacing--30)\">\n<div class=\"wp-block-group alignfull has-tertiary-background-color has-background has-global-padding is-layout-constrained wp-container-core-group-is-layout-fb85e995 wp-block-group-is-layout-constrained\" id=\"funktioner\" style=\"margin-top:0;margin-bottom:0;padding-top:var(--wp--preset--spacing--60);padding-right:var(--wp--preset--spacing--30);padding-bottom:var(--wp--preset--spacing--60);padding-left:var(--wp--preset--spacing--30)\">\n<div class=\"wp-block-columns alignwide is-layout-flex wp-container-core-columns-is-layout-08c01c1c wp-block-columns-is-layout-flex\">\n<div class=\"wp-block-column is-vertically-aligned-stretch is-layout-flow wp-block-column-is-layout-flow\" style=\"padding-top:0;padding-bottom:0;flex-basis:50%\">\n<div class=\"wp-block-group has-background-background-color has-background is-nowrap is-layout-flex wp-container-core-group-is-layout-a1e5c640 wp-block-group-is-layout-flex\" style=\"border-top-left-radius:20rem;border-bottom-left-radius:20rem;padding-top:2.5rem;padding-right:var(--wp--preset--spacing--50);padding-bottom:2.5rem;padding-left:var(--wp--preset--spacing--50)\">\n<div class=\"wp-block-group wp-container-content-958eb9dc has-global-padding is-layout-constrained wp-block-group-is-layout-constrained\">\n<h3 class=\"wp-block-heading\" style=\"font-size:clamp(14px, 0.875rem + ((1vw - 3.2px) * 0.625), 20px);line-height:1.5\">AI Direkt<\/h3>\n\n\n\n<p class=\"has-small-font-size\" style=\"margin-top:4px\">Kom ig\u00e5ng direkt med v\u00e5r egenutvecklade chattbot. <\/p>\n<\/div>\n<\/div>\n\n\n\n<div class=\"wp-block-group has-background-background-color has-background is-nowrap is-layout-flex wp-container-core-group-is-layout-a1e5c640 wp-block-group-is-layout-flex\" style=\"border-top-left-radius:20rem;border-bottom-left-radius:20rem;padding-top:2.5rem;padding-right:var(--wp--preset--spacing--50);padding-bottom:2.5rem;padding-left:var(--wp--preset--spacing--50)\">\n<div class=\"wp-block-group wp-container-content-958eb9dc has-global-padding is-layout-constrained wp-block-group-is-layout-constrained\">\n<h3 class=\"wp-block-heading\" style=\"font-size:clamp(14px, 0.875rem + ((1vw - 3.2px) * 0.625), 20px);line-height:1.5\">Hur g\u00f6r jag?<\/h3>\n\n\n\n<p class=\"has-small-font-size\" style=\"margin-top:4px\">Vi hj\u00e4lper er att navigera den nya tekniken. Boka ett gratis samtal!<\/p>\n<\/div>\n<\/div>\n\n\n\n<div class=\"wp-block-group has-background-background-color has-background is-nowrap is-layout-flex wp-container-core-group-is-layout-a1e5c640 wp-block-group-is-layout-flex\" style=\"border-top-left-radius:20rem;border-bottom-left-radius:20rem;padding-top:2.5rem;padding-right:var(--wp--preset--spacing--50);padding-bottom:2.5rem;padding-left:var(--wp--preset--spacing--50)\">\n<div class=\"wp-block-group wp-container-content-958eb9dc has-global-padding is-layout-constrained wp-block-group-is-layout-constrained\">\n<h3 class=\"wp-block-heading\" style=\"font-size:clamp(14px, 0.875rem + ((1vw - 3.2px) * 0.625), 20px);line-height:1.5\">Utveckling<\/h3>\n\n\n\n<p class=\"has-small-font-size\" style=\"margin-top:4px\">Vi kan bygga tekniska l\u00f6sningar f\u00f6r alla situationer.<\/p>\n<\/div>\n<\/div>\n<\/div>\n\n\n\n<div class=\"wp-block-column is-vertically-aligned-stretch is-layout-flow wp-block-column-is-layout-flow\" style=\"flex-basis:50%\">\n<div class=\"wp-block-cover is-light\" style=\"border-top-left-radius:1rem;border-top-right-radius:20rem;border-bottom-left-radius:1rem;border-bottom-right-radius:1rem;min-height:100%;aspect-ratio:unset;\"><img loading=\"lazy\" decoding=\"async\" width=\"766\" height=\"1024\" class=\"wp-block-cover__image-background wp-image-102 size-full\" alt=\"\" src=\"https:\/\/ia-ai.se\/dev\/wp-content\/uploads\/2025\/04\/robot1-e1744966805240.jpg\" data-object-fit=\"cover\" srcset=\"https:\/\/ia-ai.se\/dev\/wp-content\/uploads\/2025\/04\/robot1-e1744966805240.jpg 766w, https:\/\/ia-ai.se\/dev\/wp-content\/uploads\/2025\/04\/robot1-e1744966805240-224x300.jpg 224w\" sizes=\"auto, (max-width: 766px) 100vw, 766px\" \/><span aria-hidden=\"true\" class=\"wp-block-cover__background has-background-dim-0 has-background-dim\" style=\"background-color:#e0d9d0\"><\/span><div class=\"wp-block-cover__inner-container is-layout-flow wp-block-cover-is-layout-flow\">\n<div style=\"height:380px\" aria-hidden=\"true\" class=\"wp-block-spacer\"><\/div>\n<\/div><\/div>\n<\/div>\n<\/div>\n<\/div>\n\n\n\n<div class=\"wp-block-group alignfull has-global-padding is-layout-constrained wp-container-core-group-is-layout-33e8f939 wp-block-group-is-layout-constrained\" id=\"kontakt\" style=\"margin-top:0;margin-bottom:0;padding-top:0;padding-right:var(--wp--preset--spacing--30);padding-bottom:0;padding-left:var(--wp--preset--spacing--30)\">\n\n\n<div class=\"wp-block-columns alignwide is-layout-flex wp-container-core-columns-is-layout-fa584acd wp-block-columns-is-layout-flex\">\n<div class=\"wp-block-column is-layout-flow wp-block-column-is-layout-flow\" style=\"flex-basis:50%\">\n<div class=\"wp-block-group has-global-padding is-layout-constrained wp-block-group-is-layout-constrained\" style=\"margin-bottom:var(--wp--preset--spacing--40)\">\n<h2 class=\"wp-block-heading has-large-font-size\">Kontakta mig<\/h2>\n\n\n\n<p style=\"margin-top:1rem\">Jag har 25 \u00e5rs erfarenhet med projekt i alla storlekar. Skicka ett mail eller ring s\u00e5 kan vi prata om ditt projekt!<\/p>\n\n\n\n<div class=\"wp-block-columns is-layout-flex wp-container-core-columns-is-layout-28f84493 wp-block-columns-is-layout-flex\">\n<div class=\"wp-block-column is-layout-flow wp-block-column-is-layout-flow\" style=\"flex-basis:49.8%\">\n<figure class=\"wp-block-image size-full\"><img loading=\"lazy\" decoding=\"async\" width=\"800\" height=\"800\" src=\"https:\/\/ia-ai.se\/dev\/wp-content\/uploads\/2025\/05\/mikael.jpeg\" alt=\"\" class=\"wp-image-156\" srcset=\"https:\/\/ia-ai.se\/dev\/wp-content\/uploads\/2025\/05\/mikael.jpeg 800w, https:\/\/ia-ai.se\/dev\/wp-content\/uploads\/2025\/05\/mikael-300x300.jpeg 300w, https:\/\/ia-ai.se\/dev\/wp-content\/uploads\/2025\/05\/mikael-150x150.jpeg 150w, https:\/\/ia-ai.se\/dev\/wp-content\/uploads\/2025\/05\/mikael-768x768.jpeg 768w\" sizes=\"auto, (max-width: 800px) 100vw, 800px\" \/><\/figure>\n<\/div>\n\n\n\n<div class=\"wp-block-column is-layout-flow wp-block-column-is-layout-flow\" style=\"flex-basis:66.66%\">\n<p><strong>Alf Mikael Cromsj\u00f6<\/strong><br><br>mail: alf.cromsjo@gmail.com<br>telefon: 0724037633<br><a href=\"https:\/\/www.facebook.com\/profile.php?id=100011335303516\">facebook<\/a><br><a href=\"https:\/\/www.linkedin.com\/in\/cromsjo\/\">linkedin<\/a><\/p>\n\n\n\n<p><\/p>\n<\/div>\n<\/div>\n\n\n\n<p>Jag arbetar med kunder fr\u00e5n hela v\u00e4rlden samt ger IT konsultation, utbildningar och p\u00e5 plats service i G\u00f6teborg, Kung\u00e4lv, Stenungssund, Uddevalla och Orust.<br><br>Tidigare kunder: Hyundai Bilar, Kemibolaget, Vovo, DimlerChryseler, Reservdelstorget, Din Bilnyckel, Moose Box, Guldbrev, Sharpener, Probioform m.fl. <br><br>Jag utvecklar programvara i PHP, Ptyhon, C++, C#, Java och Java Script. Talar flytande Html, WordPress, WooComerce, Linux, SEO, optimering, s\u00e4kerhet, server mm.<\/p>\n<\/div>\n\n\n\n<div style=\"height:65px\" aria-hidden=\"true\" class=\"wp-block-spacer\"><\/div>\n<\/div>\n<\/div>\n<\/div>\n<\/div>\n<\/div>\n\n\n\n<div style=\"height:45px\" aria-hidden=\"true\" class=\"wp-block-spacer\"><\/div>\n\n\n\n\n\n<p><\/p>\n","protected":false},"excerpt":{"rendered":"<p>Smarta l\u00f6sningar som levererar resultat Vi skapar skr\u00e4ddarsydda webbl\u00f6sningar, system och automation som g\u00f6r ditt f\u00f6retag mer effektivt och konkurrenskraftigt. Snabbt, p\u00e5litligt och med n\u00f6jd kund-garanti. Kontakta oss direkt och l\u00e5t oss ta ditt projekt vidare idag! Varf\u00f6r v\u00e4lja v\u00e5ra l\u00f6sningar? Jag hj\u00e4lper f\u00f6retag att arbeta mer effektivt, konkurrenskraftigt och datadrivet \u2013 oavsett om det [&hellip;]<\/p>\n","protected":false},"author":1,"featured_media":0,"parent":0,"menu_order":0,"comment_status":"closed","ping_status":"closed","template":"","meta":{"pagelayer_contact_templates":[],"_pagelayer_content":"","footnotes":""},"class_list":["post-2","page","type-page","status-publish","hentry"],"_links":{"self":[{"href":"https:\/\/ia-ai.se\/dev\/wp-json\/wp\/v2\/pages\/2","targetHints":{"allow":["GET"]}}],"collection":[{"href":"https:\/\/ia-ai.se\/dev\/wp-json\/wp\/v2\/pages"}],"about":[{"href":"https:\/\/ia-ai.se\/dev\/wp-json\/wp\/v2\/types\/page"}],"author":[{"embeddable":true,"href":"https:\/\/ia-ai.se\/dev\/wp-json\/wp\/v2\/users\/1"}],"replies":[{"embeddable":true,"href":"https:\/\/ia-ai.se\/dev\/wp-json\/wp\/v2\/comments?post=2"}],"version-history":[{"count":62,"href":"https:\/\/ia-ai.se\/dev\/wp-json\/wp\/v2\/pages\/2\/revisions"}],"predecessor-version":[{"id":257,"href":"https:\/\/ia-ai.se\/dev\/wp-json\/wp\/v2\/pages\/2\/revisions\/257"}],"wp:attachment":[{"href":"https:\/\/ia-ai.se\/dev\/wp-json\/wp\/v2\/media?parent=2"}],"curies":[{"name":"wp","href":"https:\/\/api.w.org\/{rel}","templated":true}]}}